 by 1498.
17
Calculate the remainder when 1300460 is divided by 980.
0
What is the remainder when 445655 is divided by 444952?
703
What is the remainder when 650563 is divided by 585?
43
What is the remainder when 12302 is divided by 580?
122
What is the remainder when 81065239 is divided by 4768543?
8
Calculate the remainder when 908680 is divided by 381.
376
What is the remainder when 373566 is divided by 60780?
8886
Calculate the remainder when 803983 is divided by 803976.
7
Calculate the remainder when 1046414 is divided by 1098.
20
Calculate the remainder when 258757 is divided by 62830.
7437
What is the remainder when 47408 is divided by 4263?
515
What is the remainder when 273265 is divided by 115?
25
What is the remainder when 15717752 is divided by 320?
312
What is the remainder when 42007 is divided by 34?
17
What is the remainder when 52551 is divided by 496?
471
Calculate the remainder when 1702166 is divided by 11739.
11
What is the remainder when 899234 is divided by 112395?
74
Calculate the remainder when 9579950 is divided by 99791.
14
Calculate the remainder when 398388465 is divided by 474.
471
What is the remainder when 89690 is divided by 29150?
2240
What is the remainder when 3184146 is divided by 122465?
56
Calculate the remainder when 23741417 is divided by 927.
20
What is the remainder when 279793 is divided by 4673?
4086
Calculate the remainder when 1894539 is divided by 39.
36
What is the remainder when 150808 is divided by 1142?
64
What is the remainder when 7768324 is divided by 1942080?
4
Calculate the remainder when 4360796 is divided by 8151.
11
Calculate the remainder when 269344 is divided by 1097.
579
What is the remainder when 269474 is divided by 674?
548
Calculate the remainder when 55042377 is divided by 109.
102
Calculate the remainder when 73785152 is divided by 331.
287
What is the remainder when 2619226 is divided by 136?
2
What is the remainder when 206325 is divided by 987?
42
What is the remainder when 1362962 is divided by 5979?
5729
What is the remainder when 123754001 is divided by 6909?
6902
Calculate the remainder when 1118503 is divided by 223.
158
What is the remainder when 463393 is divided by 11300?
93
What is the remainder when 2419733 is divided by 403287?
11
Calculate the remainder when 1480742 is divided by 296114.
172
What is the remainder when 265237 is divided by 762?
61
What is the remainder when 13694639 is divided by 860?
859
Calculate the remainder when 108802 is divided by 461.
6
Calculate the remainder when 209241 is divided by 693.
648
Calculate the remainder when 440005 is divided by 33822.
319
Calculate the remainder when 324766 is divided by 5799.
22
What is the remainder when 59750 is divided by 218?
18
What is the remainder when 1404119 is divided by 156012?
11
Calculate the remainder when 7276815 is divided by 921.
915
What is the remainder when 3740579 is divided by 8079?
2
What is the remainder when 292636 is divided by 73153?
24
What is the remainder when 95107005 is divided by 248?
245
Calculate the remainder when 277634 is divided by 10457.
5752
Calculate the remainder when 405089 is divided by 115.
59
Calculate the remainder when 252732299 is divided by 932.
927
What is the remainder when 56267 is divided by 14066?
3
Calculate the remainder when 9729297 is divided by 157.
7
What is the remainder when 72070 is divided by 71952?
118
What is the remainder when 2582279 is divided by 1594?
1593
Calculate the remainder when 960259 is divided by 960225.
34
What is the remainder when 200148 is divided by 5130?
78
What is the remainder when 61819 is divided by 43?
28
Calculate the remainder when 563845 is divided by 20107.
849
Calculate the remainder when 15478 is divided by 4353.
2419
Calculate the remainder when 176833 is divided by 1079.
956
Calculate the remainder when 31042 is divided by 6192.
82
What is the remainder when 6178490 is divided by 6178437?
53
What is the remainder when 14347 is divided by 1166?
355
Calculate the remainder when 1758750 is divided by 5025.
0
What is the remainder when 282703 is divided by 612?
571
What is the remainder when 86252 is divided by 1093?
998
Calculate the remainder when 620636 is divided by 180.
176
What is the remainder when 5442063 is divided by 2721027?
9
Calculate the remainder when 2195744 is divided by 658.
656
What is the remainder when 18239653 is divided by 9119815?
23
What is the remainder when 6056164 is divided by 714?
16
Calculate the remainder when 4099095 is divided by 6287.
6258
What is the remainder when 77550519 is divided by 12?
3
Calculate the remainder when 42915 is divided by 1891.
1313
Calculate the remainder when 3455333 is divided by 172744.
453
Calculate the remainder when 958402093 is divided by 24.
13
Calculate the remainder when 164125 is divided by 1824.
1789
Calculate the remainder when 8389147 is divided by 26717.
9
Calculate the remainder when 46576 is divided by 2120.
2056
Calculate the remainder when 1168047 is divided by 389343.
18
Calculate the remainder when 1111180 is divided by 419.
411
What is the remainder when 3483203 is divided by 1269?
1067
What is the remainder when 663722 is divided by 94706?
780
Calculate the remainder when 566555 is divided by 1161.
1148
Calculate the remainder when 1394558 is divided by 697248.
62
Calculate the remainder when 19706 is divided by 1549.
1118
Calculate the remainder when 8108404 is divided by 1864.
4
What is the remainder when 282426 is divided by 141174?
78
What is the remainder when 46184446 is divided by 256?
254
What is the remainder when 611614 is divided by 64?
30
What is the remainder when 196163694 is divided by 1646?
1644
What is the remainder when 32630 is divided by 881?
33
Calculate the remainder when 42469301 is divided by 7078214.
17
What is the remainder when 1849720 is divided by 30?
10
Calculate the remainder when 13084903 is divided by 69.
19
What is the remainder when 1247775 is divided by 579?
30
What is the remainder when 365808 is divided by 9886?
26
What is the remainder when 21329 is divided by 47?
38
What is the remainder when 342468 is divided by 341712?
756
What is the remainder when 4401295 is divided by 338560?
15
Calculate the remainder when 44735982 is divided by 1789439.
7
What is the remainder when 125362 is divided by 124380?
982
What is the remainder when 4918903 is divided by 143?
132
Calculate the remainder when 3216174 is divided by 404.
334
What is the remainder when 17985137 is divided by 1082?
133
What is the remainder when 9379576 is divided by 2894?
122
What is the remainder when 31509294 is divided by 10503097?
3
What is the remainder when 1986332 is divided by 42?
26
Calculate the remainder when 46028822 is divided by 21.
14
Calculate the remainder when 681325 is divided by 40077.
16
Calculate the remainder when 91367 is divided by 21.
17
What is the remainder when 11926473 is divided by 3975487?
12
Calculate the remainder when 4178328 is divided by 142.
120
Calculate the remainder when 57915 is divided by 792.
99
Calculate the remainder when 3003099 is divided by 3003074.
25
Calculate the remainder when 204363226 is divided by 701.
696
Calculate the remainder when 7590962 is divided by 312.
2
What is the remainder when 5421980 is divided by 66938?
2
What is the remainder when 13401171 is divided by 10?
1
Calculate the remainder when 282630 is divided by 35327.
14
What is the remainder when 478455 is divided by 478453?
2
Calculate the remainder when 296116618 is divided by 30.
28
What is the remainder when 1417954 is divided by 146?
2
What is the remainder when 10533 is divided by 3490?
63
What is the remainder when 9779176 is divided by 39?
4
Calculate the remainder when 222468474 is divided by 2496.
2490
Calculate the remainder when 1511558 is divided by 398.
352
What is the remainder when 74433709 is divided by 24811227?
28
What is the remainder when 26163 is divided by 671?
665
What is the remainder when 6536078 is divided by 21?
17
Calculate the remainder when 111506 is divided by 769.
1
Calculate the remainder when 108828790 is divided by 12823.
12812
What is the remainder when 238872 is divided by 3952?
1752
What is the remainder when 2190588 is divided by 52?
36
What is the remainder when 103